 + 2*h - 4. Let q be m(r). Let z = q + 135. What is the highest common factor of 14 and z?
14
Let q be (-2)/9 - (-29)/9. Let v = q + 0. Suppose -v*k + 90 = -0*k. What is the highest common divisor of 10 and k?
10
Let q be 69 + (6/(-2) - 1). What is the greatest common factor of q and 26?
13
Let m(x) = 22*x**2. Let s be m(-2). Suppose -4*u + s = -0*u. What is the greatest common divisor of 55 and u?
11
Suppose t + 2*w = 21, 2*w + 35 + 69 = 4*t. Calculate the greatest common factor of 25 and t.
25
Let t(p) = p**2 + 7*p + 1. Let v be t(-5). Let h = -6 - v. Suppose 0*o - 63 = -5*o + b, 4*b = h*o - 48. Calculate the highest common divisor of o and 60.
12
Suppose 0 = 5*h - 5*x - 95, 3 + 27 = 2*h + 2*x. Calculate the highest common divisor of h and 17.
17
Let q(k) = k**3 - 11*k**2 + k - 9. Let s be q(11). What is the highest common factor of 16 and s?
2
Suppose n + 0*n - 6 = 0. Let k be (-7)/(1 + n/(-4)). Let b be -2 - (-60 + 2/1). Calculate the highest common factor of k and b.
14
Let y(w) = 19*w**2 - w - 3. Let n be y(4). Suppose -n = -0*b - 3*b. Calculate the highest common factor of b and 9.
9
Let y(q) = -47*q - 13. Let v be y(-3). What is the highest common factor of 32 and v?
32
Let n(v) = 23*v**2. Let w be n(3). Calculate the greatest common factor of w and 23.
23
Let g be 1260/33 - 2/11. Let j be 77/4 + (-2)/8. Suppose d + j = 2*d. What is the greatest common factor of d and g?
19
Let o = 37 + -23. Suppose 0 = 4*p + 2*j - 284, 0 = j + 4*j - 10. Calculate the highest common factor of o and p.
14
Let k(b) = -4*b**3 - 3*b**2 - 2*b + 1. Let u be k(-2). Let g = 23 - 13. Suppose 4*a + g = 4*c - 3*c, u = c - a. What is the highest common factor of c and 45?
15
Let y(s) = -2*s + 9. Let v be y(7). Let r = 8 + v. Let w be r/(2 + (-39)/24). What is the highest common divisor of 20 and w?
4
Suppose -9 - 1 = -5*m - 4*g, 0 = -4*m - 5*g + 8. Suppose -5*s = 0, 0*h - m*h - s = -242. Calculate the greatest common divisor of 11 and h.
11
Let j = 9 + 3. What is the highest common factor of 132 and j?
12
Suppose 0 = 2*f - 4*f - x + 64, -64 = -2*f - 3*x. Let b be (-58)/5 - 6/(-10). Let r = b - -15. What is the greatest common divisor of f and r?
4
Let l(t) = t**2 - 1. Let g(d) = -d**3 - 5*d**2 - d. Let j(p) = g(p) + l(p). Let f be j(-4). What is the highest common divisor of 2 and f?
1
Let r = -43 + -6. Let s = -34 - r. What is the highest common divisor of 135 and s?
15
Suppose -3*y + 0 = 3. Let a = y + 27. Calculate the greatest common factor of 65 and a.
13
Suppose j + 0*j = 5. What is the highest common divisor of 2 and j?
1
Suppose 3*c - 9 = 5*h, -6*h + 6 = -3*h + 2*c. Suppose h = -2*j - 3*j + 5. What is the highest common divisor of 9 and j?
1
Let u(j) = j + 6. Let q be u(-3). Suppose -q*a + 125 = -115. What is the highest common divisor of a and 16?
16
Let q be 1 + 1 + 3 - 3. Suppose -5*j = 0, q*j = g - 6 - 71. What is the greatest common divisor of g and 7?
7
Suppose -3*h + 5*u - 4 = -9, -2*h + 2*u + 2 = 0. Suppose -2*j + 9 = -4*k - 9, h = 4*k - 8. Suppose -1 = 5*m - 66. What is the highest common factor of j and m?
13
Suppose -2*k = -6*k - 4, 4*k - 564 = -2*b. Suppose -b = -4*y - n, -3*n + 12 = -0. Calculate the greatest common divisor of 28 and y.
14
Let g be 7/(-28) - 121/(-4). Calculate the greatest common divisor of 75 and g.
15
Suppose m - 4*m + 16 = -2*o, 2*m - 12 = 2*o. Let g be (44/2)/(o/(-7)). Calculate the greatest common factor of 7 and g.
7
Let w(n) = -n**3 + 7*n**2 + 2*n - 6. Let o be w(7). What is the greatest common divisor of 4 and o?
4
Let l be (1 + (-2 - 1))*-9. Suppose p = l + 14. Calculate the greatest common factor of p and 16.
16
Let b = 21 + -4. What is the highest common factor of b and 17?
17
Suppose -29 - 31 = -5*s. Calculate the highest common factor of 18 and s.
6
Let u(a) = -a + 4. Let n be u(-4). Suppose 4*i - 3*t + 26 - 67 = 0, -5*t = 4*i - 17. Calculate the greatest common factor of i and n.
8
Let s be 693/45 - 4/10. Calculate the greatest common divisor of s and 10.
5
Suppose 2*r = 4 + 8. Let x = 24 + -21. Calculate the highest common factor of x and r.
3
Suppose -5*m + 36 = 2*g, 0*m = -2*m. What is the highest common divisor of 3 and g?
3
Let c(w) = 4*w**3 - w**2 + w - 2. Suppose 3 = 5*z - 7. Let x be c(z). Calculate the greatest common factor of x and 4.
4
Suppose -6 + 22 = 4*o. Suppose -o*v + 27 = -1. Let b = 4 - 3. Calculate the greatest common divisor of b and v.
1
Let f(n) be the first derivative of n**4/4 + 2*n**3 + 3*n**2 + 2*n + 2. Suppose 16 = 2*j - 6*j. Let b be f(j). Calculate the greatest common divisor of b and 4.
2
Let d(n) = n**2 - 4*n - 5. Let m be d(7). Let w be (108*2)/(6/4). Calculate the greatest common factor of m and w.
16
Let p(i) = i**3 - 3*i**2 + 4*i - 2. Let o be p(2). Suppose 5 = o*w - 1. Calculate the greatest common divisor of w and 15.
3
Let v(o) = o**3 - o**2 - 3*o + 6. Let c be v(3). Suppose -4*y = -66 - 54. Calculate the highest common divisor of y and c.
15
Let h = 7 + 33. What is the greatest common divisor of h and 20?
20
Suppose 0 + 4 = z. Let s(j) = 2*j + 10. Let p be s(9). What is the greatest common factor of p and z?
4
Let g(n) = -4*n - 2. Let r be g(-2). Let d = 20 - r. Let j(l) = l + 154. Let a be j(0). Calculate the highest common divisor of a and d.
14
Suppose -89 = -v - 3*q + 2*q, -4*v + 331 = -q. Let i = 66 + -14. Suppose 0 = 2*y + 2*b - 34 + 2, -i = -4*y - b. Calculate the highest common divisor of y and v.
12
Suppose -2*f - 3*b + 55 = 0, -2*f + 0*b = 2*b - 60. Let z = 51 - f. Calculate the greatest common factor of z and 112.
16
Suppose 6*z - 102 = -4*q + z, 4 = -2*z. Calculate the highest common divisor of q and 140.
28
Let t be 148*(1 - (0 - 0)) + 4. What is the greatest common divisor of t and 19?
19
Let t be 27/(-21) + 12/42 + 85. What is the greatest common factor of 24 and t?
12
Suppose 6*p - 385 = p. Suppose -l = 2*g - 15, -g - 3*l = -3*g + 11. Calculate the greatest common factor of p and g.
7
Suppose 0 = -4*m - 4*i - i + 850, -5*i = 10. What is the greatest common divisor of 43 and m?
43
Suppose -369 + 99 = -15*m. Calculate the highest common factor of m and 4.
2
Let j = -52 - -90. Calculate the highest common divisor of j and 19.
19
Suppose 115 = 32*j - 27*j. Calculate the greatest common factor of 184 and j.
23
Suppose 0*l + 5*l + 3*x - 10 = 0, 3*x = -l + 2. Let w be l/(-4) + 61/2. What is the highest common factor of 6 and w?
6
Let r(u) = -u**3 - 6*u**2 - 9*u - 15. Let n be r(-6). Suppose 2*h = -10, q - 5*h = -q + n. Calculate the highest common divisor of q and 70.
7
Suppose 2*s - 32 = -6. Calculate the greatest common factor of 104 and s.
13
Let j(t) = t**2 + 7*t + 8. Let r be j(-7). Let u = -11 - -8. Let a = r + u. Calculate the highest common divisor of a and 25.
5
Suppose p + p - 6 = 0. Let x be (-2)/6 + 1/p. Let c = x + 3. Calculate the greatest common factor of c and 9.
3
Let o(t) = t**2 + 7*t - 6. Let c be o(-7). Let p be (2/c)/(1/(-3)). Suppose 0 = -r + p + 2, 3*r + 30 = 3*q. What is the greatest common factor of q and 104?
13
Let q(f) = f**3 + 6*f**2 + f + 4. Let y be q(-6). Let g = 20 + y. What is the greatest common factor of g and 162?
18
Let h(o) be the first derivative of -o**4/2 - 4*o**3/3 - 3*o**2/2 + 3. Let x be h(-3). Calculate the greatest common factor of 3 and x.
3
Suppose -3*q + 504 = v, -672 = -q - 3*q - 4*v. Calculate the highest common factor of 24 and q.
24
Let a be 1/2 + 4/(48/210). What is the greatest common factor of a and 6?
6
Let b(z) = z**2 - 5*z - 4. Let v be b(-8). What is the highest common divisor of 40 and v?
20
Suppose 0 = 3*c - 3*v - 321, 5 = -3*v - 1. Calculate the greatest common factor of 15 and c.
15
Suppose -2*t + 127 = 3*o + 23, t - 5*o = 65. What is the highest common factor of 5 and t?
5
Let y = 69 - -30. Suppose -14 - 22 = -4*c. What is the highest common divisor of y and c?
9
Let k(d) = d**3 + 5*d**2 - 4*d + 2. Let r be k(-5). Suppose -54 = -u + 166. What is the highest common factor of u and r?
22
Let b = -4 - -6. Suppose -3*f + 4*z = -22, f + 4*z = -b*f - 10. Suppose 2*a = -f*a + 96. Calculate the highest common divisor of a and 3.
3
Let z(o) = o**2 - o - 3. Let v be z(3). What is the greatest common factor of v and 9?
3
Let c be (0 - 0) + 316 + -1. Suppose 4*l + l - 2*p = c, -2*l + 105 = -5*p. What is th